{"id":161,"date":"2023-05-03T15:42:22","date_gmt":"2023-05-03T13:42:22","guid":{"rendered":"https:\/\/lescocosensuede.com\/?post_type=product&#038;p=161"},"modified":"2025-12-11T20:15:51","modified_gmt":"2025-12-11T19:15:51","slug":"petite-couv-couv-elmer-bleu-ananas","status":"publish","type":"product","link":"https:\/\/lescocosensuede.com\/sv\/produit\/petite-couv-couv-elmer-bleu-ananas\/","title":{"rendered":"Liten Filt &#8221;Elmer&#8221; Bl\u00e5 Ananas"},"content":{"rendered":"<p>Denna lilla filt \u00e4r mjuk och varm. Den v\u00e4rmer sm\u00e5barn och f\u00f6ljer dem vart de \u00e4n g\u00e5r, s\u00e4rskilt i barnvagnar och bilar. Dess storlek g\u00f6r den perfekt f\u00f6r att skydda ditt barn fr\u00e5n kylan n\u00e4r den b\u00e4rs. Genom att till exempel kila in tyget i sidorna av b\u00e4rselen eller i remmarna p\u00e5 en ryggs\u00e4ck, kommer ditt barn att omslutas av en behaglig v\u00e4rme.<\/p>\n<p>Denna lilla filt \u00e4r en perfekt f\u00f6delsepresent.<\/p>\n<p>Alla modeller i denna kollektion \u00e4r unika och sydda med k\u00e4rlek.<\/p>\n<p>Sammans\u00e4ttning: Oeko-Tex muslin och fleece.<\/p>\n<p>M\u00e5tt: ca 92 x 52 cm.<\/p>\n<p>Sk\u00f6tsel: Alla tyger tv\u00e4ttas noggrant f\u00f6re s\u00f6mnad och \u00e4r d\u00e4rf\u00f6r redo att anv\u00e4ndas direkt. Vi rekommenderar handtv\u00e4tt eller maskintv\u00e4tt vid l\u00e5g temperatur (max 40\u00b0C) och lufttorkning.<\/p>\n","protected":false},"excerpt":{"rendered":"<p>Denna lilla filt \u00e4r mjuk och varm. Den v\u00e4rmer sm\u00e5barn och f\u00f6ljer dem vart de \u00e4n g\u00e5r, s\u00e4rskilt i barnvagnar och bilar. Dess storlek g\u00f6r den perfekt f\u00f6r att skydda ditt barn fr\u00e5n kylan n\u00e4r den b\u00e4rs. Genom att till exempel kila in tyget i sidorna av b\u00e4rselen eller i remmarna p\u00e5 en ryggs\u00e4ck, kommer [&hellip;]<\/p>\n","protected":false},"featured_media":162,"template":"","meta":{"_acf_changed":false},"product_brand":[],"product_cat":[23],"product_tag":[],"class_list":{"0":"post-161","1":"product","2":"type-product","3":"status-publish","4":"has-post-thumbnail","6":"product_cat-les-couv-couv","8":"first","9":"instock","10":"sold-individually","11":"taxable","12":"shipping-taxable","13":"purchasable","14":"product-type-simple"},"acf":[],"jetpack_sharing_enabled":true,"_links":{"self":[{"href":"https:\/\/lescocosensuede.com\/sv\/wp-json\/wp\/v2\/product\/161","targetHints":{"allow":["GET"]}}],"collection":[{"href":"https:\/\/lescocosensuede.com\/sv\/wp-json\/wp\/v2\/product"}],"about":[{"href":"https:\/\/lescocosensuede.com\/sv\/wp-json\/wp\/v2\/types\/product"}],"wp:featuredmedia":[{"embeddable":true,"href":"https:\/\/lescocosensuede.com\/sv\/wp-json\/wp\/v2\/media\/162"}],"wp:attachment":[{"href":"https:\/\/lescocosensuede.com\/sv\/wp-json\/wp\/v2\/media?parent=161"}],"wp:term":[{"taxonomy":"product_brand","embeddable":true,"href":"https:\/\/lescocosensuede.com\/sv\/wp-json\/wp\/v2\/product_brand?post=161"},{"taxonomy":"product_cat","embeddable":true,"href":"https:\/\/lescocosensuede.com\/sv\/wp-json\/wp\/v2\/product_cat?post=161"},{"taxonomy":"product_tag","embeddable":true,"href":"https:\/\/lescocosensuede.com\/sv\/wp-json\/wp\/v2\/product_tag?post=161"}],"curies":[{"name":"wp","href":"https:\/\/api.w.org\/{rel}","templated":true}]}}

Liten Filt &#8221;Elmer&#8221; Blå Ananas

<p>Denna lilla filt är mjuk och varm. Den värmer småbarn och följer dem vart de än går, särskilt i barnvagnar och bilar. Dess storlek gör den perfekt för att skydda ditt barn från kylan när den bärs. Genom att till exempel kila in tyget i sidorna av bärselen eller i remmarna på en ryggsäck, kommer ditt barn att omslutas av en behaglig värme.</p>
<p>Denna lilla filt är en perfekt födelsepresent.</p>
<p>Alla modeller i denna kollektion är unika och sydda med kärlek.</p>
<p>Sammansättning: Oeko-Tex muslin och fleece.</p>
<p>Mått: ca 92 x 52 cm.</p>
<p>Skötsel: Alla tyger tvättas noggrant före sömnad och är därför redo att användas direkt. Vi rekommenderar handtvätt eller maskintvätt vid låg temperatur (max 40°C) och lufttorkning.</p>

<p>Denna lilla filt är mjuk och varm. Den värmer småbarn och följer dem vart de än går, särskilt i barnvagnar och bilar. Dess storlek gör den perfekt för att skydda ditt barn från kylan när den bärs. Genom att till exempel kila in tyget i sidorna av bärselen eller i remmarna på en ryggsäck, kommer [&hellip;]</p>
